 = 2*i + 6. Give z(k).
16
Let o be ((-3)/6)/(3/(-6)). Let d(j) = -3*j**3 + j**2 + 2*j - 1. Let v(k) = 8*k**3 - 4*k**2 - 7*k + 4. Let g(u) = -7*d(u) - 2*v(u). Determine g(o).
5
Let k(y) = -y**3 + 5*y**2 - 5*y + 5. Suppose -4*h + 14 = m - 6, -2*h = 4*m - 24. What is k(h)?
1
Let t(o) be the second derivative of 7*o**3/6 + 4*o + 15. What is t(-2)?
-14
Let c be 4*(7 - (-93)/(-12)). Let t(k) = -k**3 - 5*k**2 - 4*k - 2. Determine t(c).
-8
Let j(g) = -3*g + g + g + 0*g. Let y(r) = r**2 + 8*r - 22. Let x be y(-11). Suppose 0 = -x*m + 6*m + 20. What is j(m)?
-4
Let u be (-1 + 35)/2*1. Let k = 11 - u. Let l(g) = g**3 + 6*g**2 - g - 2. Calculate l(k).
4
Suppose -5*k - 3 = -6*k. Suppose 8 = -251*l + 255*l. Let w(o) = 18 - 18 + l*o. Calculate w(k).
6
Let t(c) be the second derivative of -c**7/840 - c**6/60 - c**5/120 + c**4/6 + 4*c**3/3 - 4*c. Let u(m) be the second derivative of t(m). Calculate u(-6).
10
Let l be (0 - -7)*9/21. Let q(d) = 0*d**l - 3*d**3 - 3 - d**3 + 4*d - d**2 + 3*d**3. Calculate q(2).
-7
Let n(o) = -o**3 + 7*o**2 + 4*o. Let j be (-4 - (-15)/2)/(8/16). Calculate n(j).
28
Let t(a) be the third derivative of -a**4/24 - a**3 + 2*a**2. Let w(u) = -30*u + 2. Let h be w(1). Let r be (h/(-10))/((12/15)/(-2)). Give t(r).
1
Suppose 113*x - 40 - 56 - 17 = 0. Suppose -3 = 3*c, -c = -4*k + 70 - 13. Let y(a) = -k*a**3 + a - a - a**2 - 1 + a. Give y(x).
-15
Let d(x) = -3*x + 4*x - 6*x + x - 1. Suppose 12*b + 13 = -b. Calculate d(b).
3
Suppose v - 4*v = -21. Let c(z) = -z - 5 + 19 - 14. Give c(v).
-7
Let v(j) = 4*j + 15. Let p(c) = 6*c + 28. Let b(t) = -3*p(t) + 5*v(t). Give b(7).
5
Let r(p) = -p**2 + p - 1. Let j be 0 - (-9 - -2 - 1). Let q(h) = j - 2 - 5*h**2 - 2. Let a(g) = q(g) - 4*r(g). Give a(-6).
-4
Let m(n) = -n**3 + 2*n**2 - 2*n + 1. Let z(v) = -v - 21. Let l be z(-12). Let a be (0/2)/(-7 - l). Suppose 2*b - 4*i + 8*i + 18 = 0, -b - i - 4 = a. Give m(b).
0
Let p(l) = l**3 - 2*l**2 - l - 2. Let n be p(3). Let v(m) = 2 - n*m + 5*m + 4*m - 5. Determine v(3).
12
Let h(b) be the first derivative of -2*b + 1/3*b**3 - 3/2*b**2 + 10. What is h(-2)?
8
Let l = 659 + -649. Let z(n) be the third derivative of 0*n + 1/24*n**4 + l*n**2 + 0 + 4/3*n**3. Determine z(-6).
2
Let c(g) = -g + 3. Let d be c(1). Let k(p) = p**2 - p + p**3 - 1 - p**d + 2*p**2. Let j be k(-1). Let b(o) = -2*o**3 - 2*o**2 + 1. Calculate b(j).
-3
Let v(y) = 5 - 5*y - 2 + 0*y**2 + 6*y**2 + y. Let a be 4/6 + 8/6. Calculate v(a).
19
Let o = 12 - 14. Let p be (-3 - -2)*(o - 0). Let h(w) = -2 + 3 - 2*w + p*w**2 - w**2. What is h(1)?
0
Let t(s) = -s**3 + 5*s**2 - 3*s + 13. Suppose -x - 10 = -3*q, -5*x + 9*q + 45 = 13*q. What is t(x)?
-2
Let l(u) = -u + 11. Suppose 16 - 16 = 43*f. What is l(f)?
11
Let f = -1 - -6. Suppose -g - 10 = f*h, -5*h + 5*g = 20 + 20. Let n be ((-4)/h)/((-5)/(-15)). Let z(d) = 2*d - 3. Calculate z(n).
5
Let x(s) = 211*s + 2*s**2 - 102*s - 105*s - s**3 - 3. Give x(3).
0
Suppose 2*h = 35*k - 37*k - 8, -4*h - 16 = 0. Let m(u) = -u**3 - u**2 - u + 15. What is m(k)?
15
Let g(a) = -a**3 - 6*a**2 - 2*a + 5. Suppose 0 = 17*j - 22*j - 480. Let m = j - -91. Calculate g(m).
-10
Let d = -71 + 75. Let y(k) = 5*k + 4 + 5*k**2 - d*k**2 - 3*k - 3. Give y(-1).
0
Let d be (-8)/4 + 1*10. Suppose 0 = -3*q - q + d. Let y(i) = -18*i - 1 - 19*i + 50*i - 16*i. Determine y(q).
-7
Let i(y) = y**3 + y. Let l be i(-1). Let o(w) = -10*w - 10*w - 7*w + 28*w + 4*w**2. Calculate o(l).
14
Let v be 7*(-54)/(-126)*12/(-9). Let d(w) = 15*w + 4. Determine d(v).
-56
Let c(d) = -d**2 - 7*d - 2. Let h(k) = -k**3 - 4*k**2 + 7*k + 19. Let l be h(-6). Suppose 16*j = -l - 63. What is c(j)?
-2
Let x(z) = 2*z**2 - 3*z**2 - 7*z - 4*z + 8*z + 1. Let n be -3*((0 - -1) + 0). Determine x(n).
1
Let k(n) = 158 + 19*n - 20*n - 145. What is k(7)?
6
Let y be 1*8*(-1)/2. Let l be (-1)/(((-18)/y)/(-9)). Suppose -2*v + 12 = -2*k, -2*v - 8 = 4*k - l*k. Let j(h) = -h**2 - 6*h - 4. What is j(k)?
1
Let a be 16/(-12)*(-12)/4. Suppose 4*q + a = 0, k - 2*k = 3*q. Let g(z) = -6*z**3 + 7*z**3 + 4 + 0*z**2 - k*z - z**2. Calculate g(3).
13
Let x(o) = o + 9. Let d be x(-7). Suppose d = -0*i + i. Let j(a) = -a**2 + 4*a - 3. Let c(u) = 2*u**2 - 9*u + 7. Let z(m) = -6*c(m) - 13*j(m). Give z(i).
5
Let s(v) = v + 12. Suppose 3*c + 4*t + 34 = 0, -7*c - 12 = -3*c - 3*t. Let r be s(c). Let q be 2/(-6)*(9 + r). Let g(m) = -m**2 - 6*m + 4. What is g(q)?
9
Let d(n) be the second derivative of -2/3*n**3 + 1/20*n**5 + 0 - 1/6*n**4 + 2*n**2 - n. Give d(3).
1
Let q(a) be the third derivative of -1/60*a**5 - 11*a**2 - 1/24*a**4 + 0*a**3 + 0 + 0*a. Give q(-1).
0
Suppose 2*z - 15 = 5*b, 4*b - 6*b - 6 = -z. Let p(o) = -11*o - 2. Calculate p(b).
31
Suppose 3 = 3*y + 9*h - 6*h, 5*y + 4*h = 9. Let u(w) = -6*w - 5. Let v(s) = -2*s - 2. Let r(m) = 6*u(m) - 17*v(m). What is r(y)?
-6
Let j(v) = -v**3 + v**2 + v + 4. Let i be j(0). Let k(p) = 2*p**2 + 8*p + 1. Let q(u) = u**2 + 3*u + 1. Let n(o) = -2*k(o) + 5*q(o). Determine n(i).
15
Let x(f) = -f**3 + 6*f**2 - 5. Suppose 2*q + 35 = 9*q. Suppose q*a = -0*a + 25. Calculate x(a).
20
Let h(c) = -c + 8. Let z be h(8). Suppose -4*o = -z*o - 16. Let y be (o/(-6))/(20/(-90)). Let m(u) = 2*u. What is m(y)?
6
Let h(u) be the second derivative of 5*u + 1/3*u**3 + 5/2*u**2 + 0. Calculate h(6).
17
Suppose 20*l - 25*l + 15 = 0. Let n(p) = 9*p**3 - 13*p**2 - 11. Let v(b) = -5*b**3 + 7*b**2 + 6. Let f(o) = l*n(o) + 5*v(o). What is f(3)?
15
Let n(a) be the first derivative of -34 - 1/3*a**3 + 3/2*a**2 + 2*a. What is n(4)?
-2
Let g be (-1 + 1)*1 - 2. Let u be g - (-1)/1*-3. Let s(m) = -m + 1. Let v(n) = -2*n + 9. Let y(i) = -3*s(i) + v(i). Give y(u).
1
Let n(d) = d. Suppose 5*f - 58 - 22 = -2*t, -5*f + t + 65 = 0. Let w be (175/f - 5)*4/5. Calculate n(w).
6
Suppose 21 = -4*r + y, r = -y + 6 - 5. Let b(l) = -l**2 - 8*l - 8. What is b(r)?
8
Let x(j) be the third derivative of j**5/60 + 5*j**4/12 + 17*j**3/6 - 2*j**2 - 3. Calculate x(-8).
1
Let w(a) = a - 478 - 3*a + 218 + 223. Give w(-15).
-7
Let p(d) = -d**2 - 1 + d - 5*d + 2*d. Let n be p(-1). Let o(m) = -m - 5. What is o(n)?
-5
Suppose -d = -5*g - 0*d - 17, -g + 2*d = 7. Let h(k) = -k**2 + 4*k - 1. Let o(w) = w**2 - 1. Let f(t) = h(t) + 2*o(t). What is f(g)?
-6
Suppose 14*p + 49 = -7. Let g(h) be the second derivative of h**5/20 + 5*h**4/12 + h**3/2 + 5*h**2/2 - 14*h. Calculate g(p).
9
Let h(f) = -f + 179 + 183 - 360. Calculate h(-9).
11
Let x(p) = -p**3 - 3*p**2 + 4*p + 4. Let g(k) be the second derivative of 11*k**3/6 - 47*k**2/2 - 47*k. Let m be g(4). Give x(m).
-8
Let u(z) be the first derivative of 17*z**2 - z + 21. What is u(1)?
33
Let u(v) = -v**3 + 11*v**2 + 13*v - 17. Suppose 60 = 22*i - 17*i. Give u(i).
-5
Let d be (-9)/(-3)*(11 - -1). Let t be d/(-6)*1/(-2). Let n(w) be the first derivative of -w**3/3 + 3*w**2 - 4*w - 8. What is n(t)?
5
Suppose 5*s + 1 = -w, -3*w - 16 = -5*s - 13. Let t(c) = 6*c - 3*c - 4*c - 7. Determine t(s).
-7
Let v(k) = -26 + 0 - 4 + 2*k. Suppose -83*a + 79*a - 3*o = -55, -4*a = -o - 67. Let w be v(a). Let g(y) = y**2 + 2*y. Give g(w).
8
Let y(q) = 1 + 10*q + 5*q - q**2 - 12*q - 3. Calculate y(5).
-12
Let g(k) = -3*k**2 - 3*k. Let y(a) = -5*a**2 - 4*a. Let t(c) = -8*g(c) + 5*y(c). What is t(5)?
-5
Let k(v) = -v - 2. Let f = 30 - 14. Let t = 10 - f. Determine k(t).
4
Let d(f) = -f**2 + f + 4. Let t be d(0). Let k(q) = 3*q - 1 + t - 4*q. Determine k(0).
3
Let z(p) = 3*p**3 + 18*p + 3*p**2 + 20*p**3 + 16 - 15 - p**2 - 20*p. Calculate z(1).
24
Let z = 26 + 9. Let l(p) = 35*p + 13 + z*p - 6 - 74*p. What is l(5)?
-13
Let v(r) = -r + 1. Let n(a) be the first derivative of 5*a**2/2 - 2*a + 1. Let y(g) = -n(g) - 4*v(g). Let o be y(-4). Let w(b) = b**2 - 3*b + 2. Calculate w(o).
0
Let f be 0*((-9)/2 + 4). Suppose 0*r = -2*o + 2*r + 4, f = -5*r + 25. Let v(l) = l**2 - 7*l - 2. Determine v(o).
-2
Let k(j) = j**2 + 8*j - 3. Suppose 0 = t - 2*n + 19, -2*n = t + 2*n + 31. Let z = t + 15. Determine k(z).
-3
Suppose 5*v + n - 74 = 0, -3*v + 5*n + 46 = 4*n. Let w(l) = l**3 + 4*l + 3*l**2 - v - 3*l + 5 - 2*l**2. Suppose -4 = -y, -2*y + 3 = -u - 5. Give w(u).
-10
Let u(l) = -l**3 + 4*l**2 - 3. Suppose 3*v + 5*a - 28 = 0, -v - a + 2*a + 4 = 0. Suppose 0 = 3*t - 6 - v. Determine u(t).
-3
Let a(u) = -2*u**2 - 1. Suppose -2*x = x + x. Suppose -4*h = -0*h - 3*p + 10, -4